0. What is c(v)?
-4
Suppose 1 = 3*l - 2. Let v(s) be the first derivative of 8*s**3/3 + s**2 - s - 61. Determine v(l).
9
Let n(w) = -w**2 - 6*w - 1. Let g(r) = -15*r - 7. Let h be g(-2). Let b(v) = -v**3 - 5*v**2 + 11*v + 8. Let i be b(-7). Let p = h - i. Determine n(p).
-1
Suppose -22 = -w + 3*p, 2*w - 4 = -7*p + 3*p. Let s be w/(-35) - 26/7. Let g(q) = q**3 + 4*q**2 + 2*q + 5. Determine g(s).
-3
Let j(a) be the third derivative of a**6/120 - a**5/15 - 7*a**4/24 + a**3/2 - 4*a**2. Suppose s + 14 = 3*f + 13, 2*s = 5*f. Determine j(s).
-7
Let j(d) = -9*d - 1. Let x(o) = 10*o + 1. Let v(h) = 6*j(h) + 5*x(h). Give v(4).
-17
Let o(d) = -d - 1. Let y be o(-8). Suppose 3*h = 20 - 8, -y = -3*f + 2*h. Let c(r) = r**2 - 3*r. Determine c(f).
10
Let i(f) = -f**3 - 2*f**2 + f - 7*f**2 + 7*f**2 - 1 + 4*f**2. Give i(2).
1
Let b(q) be the third derivative of -q**4/4 + 4*q**3/3 - 22*q**2 - 6. Calculate b(3).
-10
Let p(n) be the second derivative of -n**3/6 + 5*n**2/2 + 17*n - 4. Calculate p(-8).
13
Let c be 3*(0 - (-2)/(-3)). Let a be 16/6 - 8/12. Let v(f) = f**3 + 3*f**2 + 3*f - 4*f + 0 - a. Calculate v(c).
4
Let x(f) = f**2 + 3*f + 1. Let p(c) = 72 + c - 38 - 34 + c**2. Let r(u) = -2*p(u) + 3*x(u). Calculate r(-7).
3
Let v(z) = 7*z**2 - 3*z - 3. Let m be (-4 - (-14)/2)/(3/4). Let c(s) = -s**2 + s + 1. Let d(i) = m*c(i) + v(i). Determine d(-2).
11
Suppose -5*s = n + 22, -n - 10 = -2*s + 4*s. Let b(y) = -3*y + 3. Let o be b(s). Let h(l) = 3 + l - o + 3. Calculate h(7).
-2
Let i(g) = 2*g. Let h(k) = 12*k - 3. Let d(b) = -6*h(b) + 34*i(b). Give d(9).
-18
Let x(r) = -r**3 + 3*r**2 + 9*r. Let a be x(-2). Let d(p) = 2*p**2 + 56*p + 57*p - 108*p + a - p**2. Give d(-5).
2
Let x(u) = -u**2 + 5*u + 2. Let c(o) = -o**2 + 5*o + 1. Let q be c(5). Let w be (-15)/2*4/5. Let f(l) = l - 1. Let p(a) = q*x(a) + w*f(a). Give p(0).
8
Let g = 73 + -76. Let m(w) = w**3 - w**2 - 4*w - 2. What is m(g)?
-26
Suppose 152 = -3*i - 4*w, 0*i - 3*i = -2*w + 122. Let o = i - -48. Let s(t) = t**2 - 3*t - 3. What is s(o)?
1
Let u(o) = 9*o**2 + o - 1. Let j = -13 - -29. Suppose 5*q - j = m + 3*m, -19 = m - 5*q. Calculate u(m).
9
Let o(c) = -4*c - 5. Let r be 9/(-36) + (30/(-8))/1. Calculate o(r).
11
Let y(k) = -3*k**2 + 5*k - 8. Let b(l) = -4*l**2 + 6*l - 10. Let f(s) = 2*b(s) - 3*y(s). Determine f(5).
14
Let m(w) be the second derivative of 3/2*w**2 + 2*w + 1 + 1/3*w**3. Let h(s) = -s - 2. Let x be h(0). Determine m(x).
-1
Let x(p) = -p**2 + 4*p - 3. Suppose -5*f + 4 = -1, -f - 59 = -3*q. Suppose b + 2*r - q = -b, 5*b - 2*r = 36. Suppose -2 = -5*j + b. What is x(j)?
1
Let n(m) = -3*m**2 + 13*m - 9. Let s be n(4). Let o(q) be the first derivative of q**4/4 + 4*q**3/3 - 5*q**2/2 - 2*q - 5. Determine o(s).
-2
Let g(i) = -i**2 - i. Let b(d) = -d**3 + 8*d**2 + 7*d - 1. Suppose 5*y = 3 - 8. Let r(w) = y*b(w) - 6*g(w). What is r(3)?
7
Let r(n) = -3*n + 95. Let u be r(33). Let j(y) = -y - 5. Give j(u).
-1
Let f(a) = -5*a + 3. Let t(s) = s**2 + 27*s + 97. Let n be t(-23). Calculate f(n).
-22
Let u(w) = 6*w - 3. Let c(i) = i**3 - 5*i**2 + 3*i + 7. Let r be c(4). Let x(h) = -5*h + 2. Let a(v) = r*u(v) + 4*x(v). What is a(-7)?
13
Let n(u) be the second derivative of 9*u**5/10 + u**4/12 + u**3/6 + 11*u. Suppose 10*c + 5 = 5*c. Determine n(c).
-18
Let l be (3 - 5) + (-6)/(-2). Let v(b) = -17*b**3 - 2*b**2 + 3*b - 2. Let f be v(l). Let x = 15 + f. Let j(q) = q**2 + 5*q + 2. What is j(x)?
-4
Let c(r) be the third derivative of r**5/120 - r**4/4 + 5*r**3/3 - 2*r**2. Let p(d) be the first derivative of c(d). Let b be 2/(-8) - 29/(-4). Give p(b).
1
Let w(o) = o**2 + 7*o + 7. Suppose 2*g = 5*g + 27. Let z be g/(2 + (-2)/4). Calculate w(z).
1
Let a(b) = b**2 - 8*b + 9. Let j(g) = 2*g**3 + 2*g**3 - g - 8*g**3 + 3*g**3 - g**2. Let y = -2 + 0. Let n be j(y). What is a(n)?
-3
Suppose -1 = -2*f - 3*p, -3*p - 6 = -f + p. Let j(d) = 10*d**2 + 6*d. Let q(v) = -28*v**2 - 17*v. Let t(k) = -17*j(k) - 6*q(k). Determine t(f).
-8
Let j(d) = -d**2 - 9*d + 7. Suppose 5*l = z - 12 - 11, -5*l = 3*z + 31. Determine j(l).
27
Let m(r) = -2*r**2 - 14*r**3 - r**2 - 2 - 3*r + 0*r + 13*r**3. Suppose -3 = -2*h - 9. Give m(h).
7
Let j(d) = d**3 + d**2 + 4*d + 3. Let k(z) = z - 8. Let r be k(6). Let c be r/(-1) - 10/(-1). Suppose 7*o - 10 = c*o. Calculate j(o).
-9
Let y(k) be the second derivative of k**5/5 + k**4/12 + k**3/6 + 34*k. Determine y(-1).
-4
Let u be (-6)/(-21) + 12/7. Suppose -5*c + 0*c + 5 = 0, -86 = -2*m - 4*c. Let d(r) = u + 0 - 42*r + 1 + m*r. Give d(3).
0
Suppose l = 5*l + 4. Let d(w) = -3*w - 2. Let m be d(-2). Let v(u) = m - 3 + 1 + u + 0*u. Determine v(l).
1
Suppose 504*x + 57 = 485*x. Let s(n) = 4*n**2 + 2*n + 1. Calculate s(x).
31
Let v(y) = 8*y**3 + 7*y**2 - y - 11. Let g(f) = -4*f**3 - 3*f**2 + 5. Let j(b) = -7*g(b) - 3*v(b). Let h be j(1). Let m(i) = 6*i - 3. Give m(h).
27
Let i be -4*1/2 - 16. Let m = -10 - i. Let s(y) = y**2 - m*y - 2*y**2 + 78 - 71. Calculate s(-9).
-2
Let f(n) = -n**3 + 6*n**2 + 2*n + 6. Let a = -2 + 8. Let g be f(a). Let y = 21 - g. Let o(q) = q**3 - 2*q**2 - 3*q - 2. Calculate o(y).
-2
Let f = 25 + -16. Let l(v) = 8*v - 14*v**3 - 6*v**2 + 7 + f*v**3 + 4*v**3. Determine l(-7).
0
Let l(m) = 17*m**2 - 37*m - 42. Let n(d) = -8*d**2 + 18*d + 19. Let y(a) = 6*l(a) + 13*n(a). Determine y(8).
-37
Let j(v) = 4*v**2 - 20*v - 6. Let n be 6/(120/125) + 3/4. Let i(w) = 3*w**2 - 13*w - 4. Let a(y) = n*i(y) - 5*j(y). Calculate a(-5).
-18
Let a(x) = 4*x + 4. Let u be (-7 - (-1)/1)/(2/1). Give a(u).
-8
Let c(r) be the second derivative of r**8/6720 - r**7/504 + r**6/360 - r**5/60 + 17*r**4/12 + 11*r. Let o(m) be the third derivative of c(m). Determine o(5).
8
Let u be (-95)/4 + (3 - 13/4). Let p = u - -28. Let s(g) = -g**3 + 4*g**2 - 5. Give s(p).
-5
Let z(y) be the first derivative of y**3/3 - 9*y**2/2 + 8*y + 4. Let k be z(6). Let q be k/3 - (-15)/45. Let i(g) = g**3 + 5*g**2 + 4*g + 2. Give i(q).
8
Let x(q) = -q + 4 - 4 - 1. Let o(p) = 4*p + 3. Let h be o(0). Suppose 2*g = -0*i + i - 17, 28 = -h*g + 2*i. Determine x(g).
5
Let k(v) = v**3 - 3*v**2 - 4*v + 4. Let f be (14/(-42))/(2/6). Let y(h) = -h**3 + 3*h**2 - 2*h - 3. Let x be y(f). Calculate k(x).
-8
Suppose 11 - 41 = -3*r. Suppose -4*q = -6 - r. Let a(s) = -1 - 2 + 6*s - 2 - s**2. Determine a(q).
3
Let s = -123 - -127. Let v(b) be the third derivative of -b**6/120 + b**5/15 - 5*b**4/24 - b**3/6 + b**2. What is v(s)?
-21
Let g(h) be the first derivative of 3*h**2/2 + 26*h + 9. Let a(m) = m + 9. Let c(w) = 8*a(w) - 3*g(w). Determine c(0).
-6
Let l(s) = 3*s - 1. Let x(b) = 4*b - 1. Let n(t) = -5*l(t) + 4*x(t). Let c be n(1). Let j(m) = -3*m**3 + 2*m - 1. Give j(c).
-21
Let s be (-14 - -17)/(2 - 1). Suppose 5*u + 17 = -4*x, -x = -2*u + s*x + 10. Let h(o) = -3*o**3. Let k be h(u). Let f(a) = 2*a**2 - 2*a + 1. What is f(k)?
13
Let h(x) = -x**3 + 7*x**2 - x + 10. Let f be h(7). Let j(g) = -g + 2*g**3 - 5*g**f + 4*g**3. Suppose 3*a + a = 0. Give j(a).
0
Let o be (-36)/(-6)*3/6. Let u(r) be the second derivative of 0 - 1/20*r**5 - 1/12*r**4 + 2*r + 1/6*r**o + r**2. What is u(0)?
2
Let m(q) = -q**2 - 5*q + 8. Let z = -31 - -34. Suppose u = z*l - 15 + 2, -5*l + u + 23 = 0. Suppose -x + 32 = -l*f - 3*x, -3*f + 5*x - 13 = 0. Determine m(f).
2
Let y(a) = a**3 - 8*a**2 - 6*a + 51. Let u be y(8). Let v(g) be the second derivative of 1/12*g**4 + g**2 - 10*g + 7/6*g**u + 0. What is v(-6)?
-4
Suppose 192 = 3*v - v. Let u = v + -97. Let q(a) = -9*a - 1. Give q(u).
8
Let y(k) be the first derivative of -k**3/3 - 10*k**2 + 21*k - 6. Give y(-21).
0
Let n(t) = 32*t + 59. Let p(r) = 11*r + 20. Let j(s) = 6*n(s) - 17*p(s). Let b(c) = 9*c + 28. Let l(i) = -4*b(i) + 7*j(i). What is l(-10)?
-4
Let f = -784 + 774. Let o(u) = u**2 + 9*u - 8. Determine o(f).
2
Let q(m) be the first derivative of -8*m - 9/2*m**2 - 1/3*m**3 - 12. What is q(-8)?
0
Let z(d) = 11*d - 41*d + 24*d - 6 + 5*d. What is z(6)?
-12
Let l(k) = -2*k - 2. Suppose 9*y - 4*y - 9 = -3*g, 0 = -y + g - 3. Suppose 9*h + 5 + 13 = y. Calculate l(h).
2
Let d(b) be the first derivative of -b**2 + b + 531. What is d(2)?
-3
Let a(w) = w**2 - 2*w + 3. Let l = 91 + -146. Let v = l - -57. What is a(v)?
3
Let y(g) = -g + 16. Let x(t) = 19*t + 311. Let m be x(-16). Calculate y(m).
9
Suppose -2*v = 4*y, y - 3*v = 2*y. Suppose 0 